{"id":22,"date":"2014-06-01T19:55:50","date_gmt":"2014-06-01T17:55:50","guid":{"rendered":"http:\/\/www.mfg-frankenland.de\/?page_id=22"},"modified":"2014-06-12T23:53:00","modified_gmt":"2014-06-12T21:53:00","slug":"tests","status":"publish","type":"page","link":"https:\/\/www.mfg-frankenland.de\/?page_id=22","title":{"rendered":"Flugmodelle"},"content":{"rendered":"<p>Flugzeuge sind die am schwierigsten zu bauenden Modelle, denn: Sie m\u00fcssen fliegen k\u00f6nnen!<\/p>\n<p>Falls Sie noch keine Erfahrung im Flugzeugmodellbau besitzen, sollten Sie zun\u00e4chst mit einfachen Modellen beginnen. F\u00fcr den Anfang bietet sich ein Bausatz an, der sich leicht zusammensetzen l\u00e4sst. Er sollte aber robust sein, da die ersten Landungen etwas hart sein k\u00f6nnen.<\/p>\n<p>Am billigsten in Einkauf und Unterhalt sind Modelle mit den einfachsten Antriebsarten, also meistens Segelflugzeuge oder kleine Flugzeuge mit Gummimotor. Teurer sind Flugzeuge, die mit Verbrennungs-, Elektromotoren ausger\u00fcstet werden k\u00f6nnen. Ganz gleich, f\u00fcr welche Antriebsart man sich entscheidet, der Motor sollte auf keinen Fall zu stark sein.<\/p>\n<p>Wenn erst beim Bau und Fliegen von Freiflugmodellen einige Erfahrungen gesammelt wurde, k\u00f6nnen mit Zuversicht auch ferngesteuerte Modelle in Angriff genommen werden.<\/p>\n<p>Egal, welches Stadium des Flugzeugmodellbaus Sie erreicht haben &#8211; Treten Sie doch einem Club bei! Von anderen Clubmitgliedern l\u00e4sst sich viel lernen und der Club verschafft einem au\u00dferdem Zugang zu einem Flugfeld und anderen Einrichtungen.<\/p>","protected":false},"excerpt":{"rendered":"<p>Flugzeuge sind die am schwierigsten zu bauenden Modelle, denn: Sie m\u00fcssen fliegen k\u00f6nnen! Falls Sie noch keine Erfahrung im Flugzeugmodellbau besitzen, sollten Sie zun\u00e4chst mit einfachen Modellen beginnen. F\u00fcr den Anfang bietet sich ein Bausatz an, der sich leicht zusammensetzen l\u00e4sst. Er sollte aber robust sein, da die ersten Landungen etwas hart sein k\u00f6nnen. Am &hellip; <a href=\"https:\/\/www.mfg-frankenland.de\/?page_id=22\" class=\"more-link\"><span class=\"screen-reader-text\">Flugmodelle<\/span> weiterlesen <span class=\"meta-nav\">&rarr;<\/span><\/a><\/p>\n","protected":false},"author":1,"featured_media":0,"parent":0,"menu_order":0,"comment_status":"closed","ping_status":"closed","template":"page-templates\/full-width.php","meta":{"footnotes":""},"_links":{"self":[{"href":"https:\/\/www.mfg-frankenland.de\/index.php?rest_route=\/wp\/v2\/pages\/22"}],"collection":[{"href":"https:\/\/www.mfg-frankenland.de\/index.php?rest_route=\/wp\/v2\/pages"}],"about":[{"href":"https:\/\/www.mfg-frankenland.de\/index.php?rest_route=\/wp\/v2\/types\/page"}],"author":[{"embeddable":true,"href":"https:\/\/www.mfg-frankenland.de\/index.php?rest_route=\/wp\/v2\/users\/1"}],"replies":[{"embeddable":true,"href":"https:\/\/www.mfg-frankenland.de\/index.php?rest_route=%2Fwp%2Fv2%2Fcomments&post=22"}],"version-history":[{"count":3,"href":"https:\/\/www.mfg-frankenland.de\/index.php?rest_route=\/wp\/v2\/pages\/22\/revisions"}],"predecessor-version":[{"id":274,"href":"https:\/\/www.mfg-frankenland.de\/index.php?rest_route=\/wp\/v2\/pages\/22\/revisions\/274"}],"wp:attachment":[{"href":"https:\/\/www.mfg-frankenland.de\/index.php?rest_route=%2Fwp%2Fv2%2Fmedia&parent=22"}],"curies":[{"name":"wp","href":"https:\/\/api.w.org\/{rel}","templated":true}]}}